he greatest common divisor of 240 and 330.
30
What is the highest common factor of 5875 and 125?
125
What is the highest common factor of 4 and 1?
1
What is the greatest common factor of 57356 and 52?
52
What is the greatest common divisor of 1827 and 203?
203
Calculate the greatest common factor of 285 and 60.
15
What is the highest common divisor of 7571 and 134?
67
Calculate the greatest common divisor of 21 and 105.
21
Calculate the greatest common divisor of 9 and 2421.
9
Calculate the greatest common factor of 1377 and 85.
17
Calculate the highest common factor of 141 and 47.
47
What is the greatest common divisor of 3051 and 113?
113
What is the greatest common factor of 20 and 4792?
4
Calculate the greatest common factor of 24 and 11964.
12
Calculate the highest common divisor of 3213 and 119.
119
What is the greatest common divisor of 25551 and 153?
153
What is the greatest common divisor of 15 and 30?
15
What is the highest common factor of 715 and 440?
55
What is the greatest common divisor of 1134 and 84?
42
Calculate the greatest common divisor of 372 and 465.
93
What is the highest common divisor of 57 and 38?
19
Calculate the greatest common factor of 104 and 78.
26
What is the highest common divisor of 24 and 128?
8
What is the greatest common factor of 58 and 2378?
58
Calculate the greatest common factor of 105 and 495.
15
What is the greatest common divisor of 9 and 3249?
9
What is the highest common divisor of 286 and 22?
22
Calculate the greatest common factor of 260 and 27820.
260
What is the greatest common factor of 400 and 1760?
80
What is the highest common divisor of 55 and 40?
5
What is the greatest common factor of 7406 and 14?
14
What is the greatest common divisor of 935 and 55?
55
What is the greatest common divisor of 243 and 75?
3
Calculate the greatest common factor of 160 and 9760.
160
What is the greatest common divisor of 20 and 1340?
20
Calculate the greatest common divisor of 775 and 25.
25
Calculate the highest common divisor of 28 and 12.
4
Calculate the greatest common factor of 3161 and 218.
109
Calculate the highest common divisor of 72 and 30.
6
Calculate the greatest common factor of 19111 and 58.
29
What is the highest common factor of 12152 and 98?
98
What is the greatest common factor of 222 and 703?
37
Calculate the highest common divisor of 168 and 192.
24
Calculate the greatest common divisor of 2420 and 6380.
220
What is the greatest common divisor of 18 and 243?
9
Calculate the greatest common divisor of 102 and 23.
1
What is the highest common factor of 76 and 51908?
76
Calculate the greatest common divisor of 88 and 45892.
44
Calculate the highest common divisor of 160 and 720.
80
What is the greatest common divisor of 11468 and 488?
244
Calculate the highest common factor of 264 and 66.
66
What is the greatest common factor of 380 and 540?
20
Calculate the highest common factor of 245 and 20.
5
Calculate the highest common factor of 11 and 979.
11
What is the greatest common factor of 11 and 781?
11
Calculate the greatest common factor of 1296 and 2096.
16
Calculate the greatest common divisor of 23551 and 11.
11
What is the highest common divisor of 27 and 432?
27
What is the greatest common factor of 10 and 22?
2
What is the highest common divisor of 336 and 84?
84
What is the greatest common factor of 1469 and 904?
113
Calculate the highest common divisor of 4263 and 87.
87
What is the greatest common factor of 70032 and 32?
16
Calculate the highest common divisor of 128 and 864.
32
Calculate the highest common factor of 14 and 266.
14
What is the highest common divisor of 2 and 5?
1
Calculate the greatest common factor of 798 and 686.
14
What is the highest common divisor of 20 and 2372?
4
What is the highest common factor of 187 and 99?
11
What is the greatest common factor of 47187 and 147?
147
Calculate the highest common divisor of 416 and 13.
13
Calculate the greatest common factor of 595 and 14.
7
Calculate the highest common divisor of 26 and 1625.
13
What is the highest common divisor of 3282 and 54?
6
What is the greatest common divisor of 1302 and 744?
186
Calculate the greatest common factor of 112 and 448.
112
Calculate the greatest common factor of 166 and 26.
2
Calculate the highest common divisor of 1820 and 175.
35
Calculate the greatest common divisor of 75 and 8565.
15
Calculate the highest common divisor of 964 and 12.
4
Calculate the greatest common divisor of 48 and 300.
12
What is the greatest common factor of 168 and 420?
84
What is the highest common divisor of 3 and 177?
3
Calculate the greatest common divisor of 54 and 4248.
18
What is the greatest common divisor of 154 and 182?
14
Calculate the greatest common factor of 16965 and 156.
39
Calculate the highest common factor of 3970 and 110.
10
What is the highest common factor of 114 and 12274?
38
Calculate the greatest common factor of 12524 and 682.
62
Calculate the greatest common factor of 275 and 495.
55
Calculate the highest common divisor of 6594 and 84.
42
What is the highest common factor of 14 and 3332?
14
Calculate the greatest common factor of 2007 and 9.
9
What is the greatest common factor of 23 and 184?
23
Calculate the greatest common divisor of 8593 and 169.
13
What is the greatest common divisor of 184 and 115?
23
What is the greatest common factor of 368 and 16?
16
Calculate the highest common divisor of 260 and 45760.
260
Calculate the highest common divisor of 62 and 961.
31
Calculate the highest common factor of 194 and 2.
2
Calculate the highest common divisor of 22 and 14113.
11
What is the greatest common factor of 144 and 108?
36
What is the greatest common divisor of 890 and 1246?
178
Calculate the highest common divisor of 9 and 357.
3
Calculate the highest common factor of 322 and 42.
14
Calculate the highest common divisor of 115 and 552.
23
What is the greatest common factor of 333 and 148?
37
Calculate the highest common factor of 24 and 152.
8
Calculate the highest common factor of 1164 and 97.
97
What is the highest common divisor of 48 and 7680?
48
Calculate the greatest common divisor of 512 and 64.
64
What is the highest common divisor of 18 and 126?
18
What is the greatest common divisor of 13 and 15821?
13
Calculate the highest common factor of 88 and 616.
88
What is the highest common divisor of 86 and 32594?
86
What is the highest common divisor of 133 and 1995?
133
Calculate the greatest common divisor of 451 and 55.
11
What is the greatest common factor of 20 and 44?
4
Calculate the highest common divisor of 110 and 396.
22
What is the highest common divisor of 1144 and 39?
13
What is the greatest common divisor of 24 and 56?
8
What is the greatest common divisor of 57 and 9?
3
Calculate the greatest common factor of 19234 and 236.
118
What is the highest common factor of 1045 and 19?
19
Calculate the greatest common factor of 248 and 403.
31
What is the greatest common factor of 53 and 2809?
53
What is the highest common divisor of 195 and 2990?
65
Calculate the greatest common factor of 5282 and 152.
38
What is the greatest common divisor of 640 and 30?
10
What is the highest common factor of 301 and 344?
43
What is the greatest common factor of 286 and 88?
22
What is the highest common factor of 7280 and 35?
35
What is the highest common divisor of 404 and 11110?
202
Calculate the greatest common factor of 76 and 14459.
19
Calculate the greatest common divisor of 114 and 9519.
57
Calculate the greatest common divisor of 105 and 165.
15
What is the greatest common factor of 38 and 76?
38
What is the greatest common divisor of 76 and 323?
19
What is the greatest common factor of 20 and 8?
4
Calculate the greatest common divisor of 1364 and 248.
124
What is the highest common factor of 32097 and 39?
39
What is the highest common factor of 1715 and 105?
35
What is the highest common factor of 506 and 115?
23
Calculate the highest common factor of 88 and 55.
11
What is the highest common divisor of 364 and 1372?
28
What is the greatest common divisor of 80 and 170?
10
What is the greatest common divisor of 24 and 1356?
12
Calculate the greatest common factor of 8 and 1016.
8
What is the greatest common factor of 70 and 1890?
70
What is the highest common factor o